 divided by 6.
3
Let t = -567 + 580. Let w(v) = -2*v**3 - 2*v**2 + 2*v. What is the remainder when t is divided by w(-2)?
1
What is the remainder when -9*(-2 + (1 - -2) - 10) is divided by 41?
40
Let x = -84 - -21. Let k = x + 95. Calculate the remainder when k is divided by 18.
14
Let q be (-34)/(-1) + 56/(-14). Suppose -2*j + q = 2. Calculate the remainder when j is divided by 9.
5
What is the remainder when 83 is divided by (-2)/((-1)/(-3)*(-33)/154)?
27
Let h be 3*87*(-15)/(-45). Let k(w) = -4*w + 1. Calculate the remainder when (-3 + h)/2 + -4 is divided by k(-3).
12
What is the remainder when 92 is divided by 9/12 + (3 - (-490)/40)?
12
Suppose 36 = -2*z - 4*v - 0, 4*z = 2*v - 42. Let d = z + 26. What is the remainder when 23 is divided by d?
9
Let v(r) = -r**2 + 25*r + 5. Let o = 41 + -22. What is the remainder when o is divided by v(25)?
4
Let h = -95 + 146. Calculate the remainder when 114 is divided by h.
12
Let n(l) = -l**2 - 6*l + 44. What is the remainder when 48 is divided by n(-7)?
11
Suppose -4*c = -2*x + 64, 3*x - c - 22 = 49. What is the remainder when 67 is divided by x?
1
Let u = -33 + 115. Let b be (2 + -4)*-1 - (5 + -2). Let w(n) = -18*n**3 - n**2 + n + 1. Calculate the remainder when u is divided by w(b).
14
Suppose 0 = -3*l - 0 - 3, 0 = 5*o + l - 19. Calculate the remainder when ((-2)/o)/((-8)/320) is divided by 141/21 + 4/14.
6
Suppose 29 = -8*j + 181. Suppose -67 = -2*k + j. What is the remainder when 84 is divided by k?
41
Suppose 2*r + 50 = 7*r. Suppose 4*b - 187 = x, -b - x + 189 = 3*b. Calculate the remainder when b is divided by r.
7
Calculate the remainder when ((-93)/6)/(13/(-156)) is divided by 47.
45
Let i be (-16 - -17)*((1 - 1) + 1). Suppose -5 = -2*u + i. Suppose -4*k + 4 = 2*h, 5*k - 5*h - 23 = -3*h. Calculate the remainder when k is divided by u.
0
Suppose -2*y - 5*r = -58, -4*r - 29 = -y - r. What is the remainder when 86 is divided by y?
28
Let v = 290 + -277. Let z(q) = -q**3 - 2*q**2 + 8*q + 4. Let j be z(-6). Suppose -20 = d + 3*d, 5*d + j = 3*s. What is the remainder when s is divided by v?
12
Suppose -5*p - 25 = -115. Suppose 19*k - p*k = 36. Suppose r + 0*r = -3*l + 208, 0 = 4*l - r - 275. What is the remainder when l is divided by k?
33
Let m(j) = j + 45. Let d be m(0). What is the remainder when 2/(-3) - 31/((-1395)/2640) is divided by 1/(0 - (-3)/d)?
13
Let j = -1346 - -1429. Calculate the remainder when 177 is divided by j.
11
Suppose -f + 3*d + 70 = -2*d, 0 = 5*d - 20. Suppose 0 = 2*l + l + 3, 2*l - f = -4*h. What is the remainder when 42 is divided by h?
19
Let n = 321 - 1. Let h(p) = 4*p**2 + p - 5. What is the remainder when h(-4) is divided by -4 + 0 + n/10?
27
Let j(r) = -2*r - 6. Let v be j(12). Let z = -12 - v. What is the remainder when 14*(1 + (-6)/(-4)) is divided by z?
17
Suppose -3*r + 5*x = r - 167, -230 = -5*r + 2*x. Let h(j) = 3*j**2 + 10*j - 8. Let l = 52 - 57. Calculate the remainder when r is divided by h(l).
14
Let i be (16/48)/((-1)/(-15)). Suppose 4*d + 6 = 5*o - 26, i*d = 2*o - 40. Let u = 6 - d. What is the remainder when 26 is divided by u?
12
Let d = 30 - -12. What is the remainder when ((-72)/(-28))/((-41)/d + 1) is divided by 37?
34
Suppose 0 = 6*m + 39*l - 37*l - 154, 2*l = 5*m - 132. Let p(n) = 3*n**3 - 4*n**2 + 2*n + 2. Calculate the remainder when m is divided by p(2).
12
Suppose -f - 2*f + 65 = 5*x, -39 = -3*x + 4*f. Calculate the remainder when 47 is divided by x.
8
Let l be (-66)/4 - (-1)/(-2). Let i = 20 - l. What is the remainder when i is divided by 23?
14
Let o(d) = 13*d - 19. What is the remainder when o(6) is divided by 12?
11
Suppose 1141 = 57*p - 5414. What is the remainder when p is divided by 27?
7
Let z(r) = -8*r - 5. Let b be z(7). Let f = b - -85. Calculate the remainder when 96 - (4 - (1 + 2)) is divided by f.
23
Suppose -2*v - 10 = -0*w + 4*w, 3*v - 3 = 0. Let f be w/(-2) - 315/(-14). Let p = -20 + f. What is the remainder when p is divided by 2?
0
Suppose -4*u + 76 = 4*l, u + 4 = -4*l + 17. What is the remainder when 332 is divided by u?
17
Suppose 0 = 4*z - 9*h + 7*h - 14, -16 = -5*z + 3*h. Calculate the remainder when 148 is divided by z.
3
Suppose 28*w + 72 = 19*w. Let j(v) = -5 - v**3 - 7*v**2 + 8*v + 2 + 14. What is the remainder when 28 is divided by j(w)?
6
Let t(f) = 2*f**3 - 33*f**2 + 19*f - 10. Calculate the remainder when 69 is divided by t(16).
31
Suppose -6*w + 2*w = -116. Suppose 0 = 2*t - 3*t + y + 38, -36 = -t - y. Let q = t + -22. What is the remainder when w is divided by q?
14
Suppose -i + 4*i + 2*b - 34 = 0, 0 = -2*i + 5*b + 29. Let x(c) = -c + 1. What is the remainder when i is divided by x(-3)?
0
Suppose 7 = 3*z + 2*s, 0 = 3*z - 2*s + 2 - 1. Let i be z/(-3)*(-8 - -5). What is the remainder when 90 is divided by (13 - 36)*(i - 2)?
21
Let u be (-36)/8*(-4)/6 + 0. Let x(f) = 3*f**2 - 5*f - 2. Suppose -3*p - 2*w = -4*p + 11, w = 2*p - 10. Calculate the remainder when x(u) is divided by p.
1
Calculate the remainder when 72 is divided by 2 + 3 + 0/35.
2
Suppose -7 = -4*w + i, 3*w - 3 = i + 3. Let s(b) = -14*b + 7. Let a(v) = v - 1. Let o(r) = -5*a(r) - s(r). Calculate the remainder when o(w) is divided by 3.
1
Suppose -3*q = 10*q - 26. Suppose 470 = q*h + 3*h. What is the remainder when h is divided by 14?
10
Let v(r) = r**2 + 13*r - 1. Let q be v(-8). Let p = -21 - q. What is the remainder when (2/(12/(-118)))/(2/(-6)) is divided by p?
19
Let q(c) = -17*c + 1. Let k be q(-7). Suppose -66*u + k = -58*u. Calculate the remainder when 59 is divided by u.
14
Suppose 46*d - 3434 = 522. Suppose i = p - 22, -3*p - 2*i + 3*i = -66. Calculate the remainder when d is divided by p.
20
Let r(z) = -28*z + 2. Let c(s) = 142*s - 9. Let y(x) = 2*c(x) + 11*r(x). Calculate the remainder when y(-2) is divided by 27.
25
Suppose 0 = -2*p - 5*p + 1820. Suppose 5*z = z + p. What is the remainder when z is divided by 17?
14
Let j = 11 - 5. Let o(s) = -s + 7. Suppose -16 = -5*t + 4. What is the remainder when j is divided by o(t)?
0
Let g(i) = 21*i**2 + i. Let u(m) = m - 2. Let j be 3/2 + (-24)/16. Let p be u(j). Calculate the remainder when g(p) is divided by 21.
19
Suppose 4*m + 5*y - 103 = 0, -3*y + 25 = 5*m - 107. Let n = -18 + 57. Calculate the remainder when 12537/117 - 6/n is divided by m.
26
Suppose 16*q + 2 = 17*q. Suppose q*y - 11 + 5 = 0. What is the remainder when 8 is divided by y?
2
Suppose -173 = -12*b + 67. What is the remainder when 37 is divided by b?
17
Let t = -655 + 667. What is the remainder when 2110 is divided by t?
10
Let s(a) = -a**3 + 6*a**2 + 9*a + 9. Let o be s(7). Suppose 0 = -5*r + o + 2, -r + 42 = u. Calculate the remainder when u is divided by 20.
17
Let b(d) = d**3 - 5*d**2 - 6*d + 2. Let l be b(6). Suppose -2*n + 3 + 7 = z, -3*z + 14 = l*n. What is the remainder when (-25)/2*n/(-2) is divided by 14?
11
Let g = -551 - -2006. Suppose -p = r - 283, -g = -5*p + 4*r + r. What is the remainder when p is divided by 36?
35
Suppose -3*k + 5*h = 8, 4*k = -h - 2 - 1. Let y(g) = -15*g - 2. Calculate the remainder when 23 is divided by y(k).
10
Let h(q) be the first derivative of q**2/2 + 58*q - 1. Let u(z) = z**3 + 20*z**2 + z + 20. Let t be u(-20). Calculate the remainder when h(t) is divided by 15.
13
Let t(w) = 13*w + 1. Suppose -5*f = -0*f - 5. Suppose 3*u - i - 5 = 0, -5*u - 2*i - f = -2. What is the remainder when 22 is divided by t(u)?
8
Let x = -6 + 11. Calculate the remainder when (-12)/72 - (6/72*-2 - 15) is divided by x.
0
Suppose -d + 6 = -0*d. Let c(j) = -j**2 + 6*j + 14. Calculate the remainder when 26 is divided by c(d).
12
Suppose -5*z + 2*z = -6. Suppose -z = -o + 3*a, -26 = -2*o - 3*a - 2*a. What is the remainder when 29 is divided by o?
5
Let s(b) = -b**2 - 22*b - 48. What is the remainder when 291 is divided by s(-11)?
72
Let m be (2 - 13/5)*-5. Let g(y) = -2*y + 15. Calculate the remainder when 59/m + 4/(-6) is divided by g(2).
8
Calculate the remainder when (61/(-2))/((-36)/72) is divided by 27.
7
Suppose 4*f - 18 = -5*w, 1 = f + 4. Suppose -4*t + 364 = 3*r, 218 = 4*t + 5*r - 154. Suppose 28 = -4*p + t. What is the remainder when p is divided by w?
3
What is the remainder when 104 is divided by 1/(-2)*-24*3?
32
Suppose 5*q - c = 38, -2*q - 5*c - 8 = -34. Let h = 14 + q. What is the remainder when 86 is 